t**3 - t + 154. Let w be c(h). Calculate the highest common factor of n and w.
14
Let n(a) = 4*a**2 - 3*a - 16. Let c(t) = 3*t**2 - 2*t - 15. Let k(z) = -6*c(z) + 5*n(z). Let r be k(4). What is the greatest common divisor of r and 270?
30
Let y = 1058 - 849. What is the greatest common divisor of 990 and y?
11
Let x be (31/4)/((-27)/(-864)). Let s = x - 133. Suppose -11*i - 5 = -s. Calculate the greatest common factor of i and 25.
5
Let r = -196 - -188. Let j be ((-28)/8 + 3)/(r/624). What is the highest common divisor of j and 351?
39
Suppose 29*z - 17577 = -2*z. Suppose 18*m - 405 = z. Calculate the highest common divisor of m and 90.
18
Let d(b) = -b. Let m be d(-15). Let h(f) be the first derivative of -19*f**2 - 25*f + 5. Let r be h(-5). Calculate the highest common divisor of m and r.
15
Suppose 0 = -6*y - 101 + 53. Let z be y/16 + (-57)/(-2). What is the greatest common factor of 14 and z?
14
Let r be -4 - ((-50)/10 + -2079). What is the highest common factor of 64 and r?
32
Let k = -14 + 26. Let g(n) = n**2 + 2*n + 1. Let b be g(-1). Suppose 4*m + m + 2*o - 22 = b, 2*m - o = 7. What is the greatest common factor of m and k?
4
Suppose -4*j + 28 = g, -3*g - 4*j + 140 = -6*j. Suppose -48*z = -g*z - 4800. Calculate the greatest common divisor of z and 48.
48
Let i = -4343 - -4651. What is the highest common divisor of 224 and i?
28
Let c(m) = -7*m**2 - 464*m - 480. Let w be c(-65). Let g be (-4)/(-10) + 416/10. What is the highest common factor of w and g?
21
Let g = -2231 + 2232. Let j(d) = 3*d - 3. Let w be j(3). Let i = 2 + w. Calculate the greatest common factor of i and g.
1
Let x(i) be the first derivative of -11*i**2 + 23/3*i**3 - 21 - 1/4*i**4 + 4*i. Let t be x(22). Calculate the greatest common divisor of t and 16.
4
Let t = -114 - -59. Let p = t + 96. Let q = p - 34. Calculate the highest common divisor of 7 and q.
7
Suppose -5*h - 212 = -2*c - 692, -2*h + 208 = -4*c. Suppose 4*b - 282 + h = 0. What is the greatest common factor of 752 and b?
47
Let i be (-42)/(-16) - (-57)/152. Let u be (i/(-5))/((-29)/12905). Calculate the highest common divisor of u and 178.
89
Suppose 20 = -4*u, 0 = -3*d - 3*u - 622 + 2509. Suppose -d - 566 = -5*c. What is the greatest common factor of 12 and c?
12
Let f be ((-82)/3 - -4)/((-2)/6). Suppose -5*z + 85 = 10. Calculate the highest common divisor of z and f.
5
Let g(y) = 26*y + 43. Let o be g(-7). Let v = 359 + o. Suppose 23 = 4*l - 57. What is the highest common divisor of v and l?
20
Let i(r) = -r**3 + 16*r**2 - 36*r - 4. Let p be i(3). Suppose 0 = -3*c + m + 93, 8*m - 124 = -4*c + p*m. Calculate the highest common divisor of c and 124.
31
Let c(h) = -h - 514 + 4*h**2 + h**3 + 544 - h**2. Let q be c(0). Calculate the highest common factor of 570 and q.
30
Suppose -w - 1901 = 5*t - 4900, -5*w + 3*t + 14939 = 0. Calculate the highest common factor of 49 and w.
49
Let g be ((-1284)/(-20))/3 - 3/((-60)/(-8)). Calculate the highest common factor of 189 and g.
21
Suppose 0 = 17*m + 7*m. Suppose m = -38*j - 30*j + 1632. What is the highest common factor of 324 and j?
12
Let b(m) = 37*m**3 - 4*m**2 + 23*m - 39. Let p be b(2). What is the greatest common factor of p and 3731?
287
Suppose 6422 = 155*q + 1772. What is the greatest common divisor of 24630 and q?
30
Let p = -3269 - -3458. Let t(h) be the second derivative of -3*h**3/2 - 6*h. Let j be t(-3). What is the greatest common divisor of p and j?
27
Let y = -11161 - -21605. What is the highest common factor of y and 42?
14
Let w(y) = 23*y + 4. Let r be w(2). Let x be r + -13 - (1 - 0). Suppose 0*s + 3*c + 27 = s, -5*s + 115 = 5*c. What is the highest common factor of s and x?
12
Let r(o) = 7*o + 31. Let u be r(-14). Suppose -26*h + 24*h = -146. Let s = h + u. What is the highest common divisor of 2 and s?
2
Let y(c) = -9*c + 13. Let m(u) = 40*u - 50. Let d(a) = 2*m(a) + 9*y(a). Let i be 30/2*5/(-15). Let z be d(i). What is the highest common factor of z and 22?
22
Suppose -y - 3*d + 178 = 0, 5*y - 7*d - 890 = -8*d. Suppose -183*t + 230 = -y*t. What is the greatest common factor of t and 506?
46
Suppose -70 = -5*j + 10. Suppose -20*t + 16*t + 5*f = -77, -4*t + 2*f = -74. Let a be (3*2/t)/(18/216). What is the greatest common divisor of a and j?
4
Suppose -64*m + 50*m + 70 = 0. Suppose m*u = 3*x + 2*u - 102, -5*u = 5. Let w(d) = -d. Let q be w(-11). Calculate the greatest common divisor of q and x.
11
Let l = -4301 - -4574. What is the greatest common factor of l and 26?
13
Suppose -11*g - 11*g = -10*g. Suppose 3*z + 6 = g, 0*d = 2*d + 5*z - 16. Suppose -d*w + 147 = -61. Calculate the greatest common divisor of w and 12.
4
Let s be 3 + (-3 - -7 - 2). Suppose k = -s*h + 2*k - 4, 5*k - 20 = -h. Let v = 15 - h. Calculate the greatest common divisor of v and 105.
15
Let v(d) = -19*d + 156. Let z be v(8). Let o be (-3)/((-9)/156) - z. Calculate the greatest common factor of 128 and o.
16
Let y = 3116 - 1766. Calculate the greatest common factor of 50 and y.
50
Suppose -4*p + 561 + 383 = 0. Let d(r) = -r + 69. Let t be d(9). Let o = p - t. What is the greatest common divisor of 11 and o?
11
Suppose 96*h - 2720 = 644 - 100. Calculate the highest common divisor of h and 17408.
34
Let t be 17/(-12)*-291 - 42/(-56). Calculate the highest common factor of 1416 and t.
59
Let z(x) = 14*x**3 - x**2 + 1. Let h be z(1). Let q = h + -8. Suppose 12*n = -y + 7*n + 25, 3*y + 5*n - 55 = 0. What is the greatest common factor of q and y?
3
Let o(m) = m**2 - 755*m + 4526. Let t be o(6). Suppose -3*a - 3*b = -5*b - 114, -b = -3. What is the highest common factor of t and a?
8
Let k(t) = -t**3 - 12*t**2 - 25*t + 40. Let p be k(-9). Calculate the greatest common factor of 18 and p.
2
Let v be 96/(-168) - (16881/(-7) + -3). Calculate the greatest common factor of 136 and v.
34
Suppose -63 = 88*n - 85*n. Let i be (n/6)/(14/(-28)). What is the greatest common factor of 77 and i?
7
Let g(t) = 7*t**2 - 4*t + 1. Let z be g(3). Let p = 3 + z. Suppose 110404*u + 484 = 110426*u. What is the greatest common divisor of p and u?
11
Let b be (21/12)/(6/72). Suppose z + b = 8*z. Suppose 25 + 2 = z*j. Calculate the greatest common divisor of j and 36.
9
Let q = 7462 + -5410. What is the greatest common factor of q and 4?
4
Suppose -18*h - 7*h + 7025 = 0. Suppose -5*x + 2*p + h = 0, -5*p = 5*x - 62 - 198. What is the highest common divisor of x and 121?
11
Let i be (16 - -29)/((-40)/(-16)). What is the greatest common divisor of i and 342?
18
Let i(n) = -3*n - 9. Let u be i(-8). Let b(v) = -3*v**3 + 72*v**2 - 60*v - 162. Let f be b(23). What is the highest common factor of u and f?
15
Suppose -35*z - 114 + 44195 = -251809. Calculate the greatest common factor of 6 and z.
6
Suppose 2*t + 41*x - 29266 = 40*x, 43903 = 3*t + x. Calculate the greatest common divisor of t and 21.
21
Suppose 3*c + 129 + 21 = 0. Let v be (2 - (3 - -1))*c. Suppose -2*b + v + 116 = 0. Calculate the greatest common divisor of 12 and b.
12
Let h be 735/(-175) + 8/(-10) + (-322)/(-2). Calculate the greatest common divisor of 4628 and h.
52
Suppose -13*g - 14*g + 54 = 0. Let i be -8703*(-6)/66 + g/(-11). Calculate the highest common divisor of i and 7.
7
Let o = -143 + 441. What is the greatest common divisor of o and 2?
2
Suppose -12735*l = -12767*l + 24960. What is the greatest common factor of l and 26?
26
Suppose -49*t = -47*t + 20. Let y be (820/15)/(-1)*15/t. Calculate the greatest common divisor of 205 and y.
41
Suppose -2*l = -7*c + 12*c - 11690, -2*l + 4676 = 2*c. What is the highest common divisor of c and 14?
14
Let i = 6 - 0. Let s(l) = 5*l + 209 - 12*l - 7. Let o be s(28). Calculate the greatest common factor of i and o.
6
Suppose 339*o + 20 = 337*o. Let q(i) = i**3 + 13*i**2 - 5*i - 40. Let h be q(o). Calculate the greatest common factor of h and 50.
10
Let s = -260 - -530. Let v = s - 490. Let r = 332 + v. What is the greatest common factor of r and 16?
16
Let k = 47 + -170. Let n = 150 + k. Let v = -7 - -25. Calculate the greatest common divisor of n and v.
9
Suppose 13*n - 70 + 18 = 0. Suppose 0 = n*t + 3*w - 260, -9*w - 352 = -5*t - 6*w. What is the greatest common divisor of t and 17?
17
Let r(m) = 9*m**2 + 12*m + 114. Let s be r(0). What is the greatest common divisor of 13794 and s?
114
Suppose -249